{"id":363,"date":"2017-02-21T12:44:48","date_gmt":"2017-02-21T11:44:48","guid":{"rendered":"http:\/\/develop.docbarcelona.com\/nodetopografia\/?page_id=363"},"modified":"2019-06-20T10:08:23","modified_gmt":"2019-06-20T09:08:23","slug":"proyectos-de-nivelacion-y-movimiento-de-tierras","status":"publish","type":"page","link":"https:\/\/node.cat\/es\/topografia\/proyectos-de-nivelacion-y-movimiento-de-tierras\/","title":{"rendered":"Proyectos de nivelaci\u00f3n y movimiento de tierras"},"content":{"rendered":"<h1>Proyectos de nivelaci\u00f3n y movimiento de tierras<\/h1>\n<p>Los movimientos de tierras son bastante frecuentes en fincas agr\u00edcolas cuando se quiere nivelar un terreno. La realidad, sin embargo, es que cuando hay una nivelaci\u00f3n o movimiento de tierras de una parcela agr\u00edcola, la Administraci\u00f3n pide un proyecto.<\/p>\n<p>En Node Topograf\u00eda nos encargamos de adecuar la nivelaci\u00f3n a la normativa urban\u00edstica vigente para presentarlo a la Administraci\u00f3n. Los proyectos de nivelaci\u00f3n tienen por objetivo definir sobre plano la modificaci\u00f3n topogr\u00e1fica fruto del movimiento de tierras, y calcular la cubicaci\u00f3n del volumen de tierras que se mover\u00e1n.<\/p>\n<p>Realizamos mediciones de trazados lineales, excavaciones, bancales, plantas de \u00e1ridos, vertederos y centros de tratamiento de residuos s\u00f3lidos y canteras a cielo abierto.<\/p>\n","protected":false},"excerpt":{"rendered":"<p>Proyectos de nivelaci\u00f3n y movimiento de tierras Los movimientos de tierras son bastante frecuentes en fincas agr\u00edcolas cuando se quiere [&hellip;]<\/p>\n","protected":false},"author":1,"featured_media":192,"parent":351,"menu_order":0,"comment_status":"closed","ping_status":"closed","template":"template-topografia.php","meta":{"inline_featured_image":false,"footnotes":""},"yoast_head":"<!-- This site is optimized with the Yoast SEO plugin v22.6 - https:\/\/yoast.com\/wordpress\/plugins\/seo\/ -->\n<title>Proyectos de nivelaci\u00f3n y movimiento de tierras - Node Topograf\u00eda<\/title>\n<meta name=\"description\" content=\"En Node Topograf\u00eda nos encargamos de adecuar la nivelaci\u00f3n a la normativa urban\u00edstica vigente para presentarlo a la Administraci\u00f3n.\" \/>\n<meta name=\"robots\" content=\"index, follow, max-snippet:-1, max-image-preview:large, max-video-preview:-1\" \/>\n<link rel=\"canonical\" href=\"https:\/\/node.cat\/topografia\/projectes-danivellament-i-moviment-de-terres\/\" \/>\n<meta property=\"og:locale\" content=\"es_ES\" \/>\n<meta property=\"og:type\" content=\"article\" \/>\n<meta property=\"og:title\" content=\"Proyectos de nivelaci\u00f3n y movimiento de tierras - Node Topograf\u00eda\" \/>\n<meta property=\"og:description\" content=\"En Node Topograf\u00eda nos encargamos de adecuar la nivelaci\u00f3n a la normativa urban\u00edstica vigente para presentarlo a la Administraci\u00f3n.\" \/>\n<meta property=\"og:url\" content=\"https:\/\/node.cat\/topografia\/projectes-danivellament-i-moviment-de-terres\/\" \/>\n<meta property=\"og:site_name\" content=\"Node Topograf\u00eda\" \/>\n<meta property=\"article:modified_time\" content=\"2019-06-20T09:08:23+00:00\" \/>\n<meta property=\"og:image\" content=\"https:\/\/node.cat\/wp-content\/uploads\/2017\/02\/node_topografia_anivellament_1.jpg\" \/>\n\t<meta property=\"og:image:width\" content=\"2000\" \/>\n\t<meta property=\"og:image:height\" content=\"1600\" \/>\n\t<meta property=\"og:image:type\" content=\"image\/jpeg\" \/>\n<meta name=\"twitter:card\" content=\"summary_large_image\" \/>\n<meta name=\"twitter:label1\" content=\"Tiempo de lectura\" \/>\n\t<meta name=\"twitter:data1\" content=\"1 minuto\" \/>\n<script type=\"application\/ld+json\" class=\"yoast-schema-graph\">{\"@context\":\"https:\/\/schema.org\",\"@graph\":[{\"@type\":\"WebPage\",\"@id\":\"https:\/\/node.cat\/topografia\/projectes-danivellament-i-moviment-de-terres\/\",\"url\":\"https:\/\/node.cat\/topografia\/projectes-danivellament-i-moviment-de-terres\/\",\"name\":\"Proyectos de nivelaci\u00f3n y movimiento de tierras - Node Topograf\u00eda\",\"isPartOf\":{\"@id\":\"https:\/\/node.cat\/#website\"},\"primaryImageOfPage\":{\"@id\":\"https:\/\/node.cat\/topografia\/projectes-danivellament-i-moviment-de-terres\/#primaryimage\"},\"image\":{\"@id\":\"https:\/\/node.cat\/topografia\/projectes-danivellament-i-moviment-de-terres\/#primaryimage\"},\"thumbnailUrl\":\"https:\/\/node.cat\/wp-content\/uploads\/2017\/02\/node_topografia_anivellament_1.jpg\",\"datePublished\":\"2017-02-21T11:44:48+00:00\",\"dateModified\":\"2019-06-20T09:08:23+00:00\",\"description\":\"En Node Topograf\u00eda nos encargamos de adecuar la nivelaci\u00f3n a la normativa urban\u00edstica vigente para presentarlo a la Administraci\u00f3n.\",\"breadcrumb\":{\"@id\":\"https:\/\/node.cat\/topografia\/projectes-danivellament-i-moviment-de-terres\/#breadcrumb\"},\"inLanguage\":\"es\",\"potentialAction\":[{\"@type\":\"ReadAction\",\"target\":[\"https:\/\/node.cat\/topografia\/projectes-danivellament-i-moviment-de-terres\/\"]}]},{\"@type\":\"ImageObject\",\"inLanguage\":\"es\",\"@id\":\"https:\/\/node.cat\/topografia\/projectes-danivellament-i-moviment-de-terres\/#primaryimage\",\"url\":\"https:\/\/node.cat\/wp-content\/uploads\/2017\/02\/node_topografia_anivellament_1.jpg\",\"contentUrl\":\"https:\/\/node.cat\/wp-content\/uploads\/2017\/02\/node_topografia_anivellament_1.jpg\",\"width\":2000,\"height\":1600},{\"@type\":\"BreadcrumbList\",\"@id\":\"https:\/\/node.cat\/topografia\/projectes-danivellament-i-moviment-de-terres\/#breadcrumb\",\"itemListElement\":[{\"@type\":\"ListItem\",\"position\":1,\"name\":\"Inici\",\"item\":\"https:\/\/node.cat\/es\/\"},{\"@type\":\"ListItem\",\"position\":2,\"name\":\"Topograf\u00eda\",\"item\":\"https:\/\/node.cat\/es\/topografia\/\"},{\"@type\":\"ListItem\",\"position\":3,\"name\":\"Proyectos de nivelaci\u00f3n y movimiento de tierras\"}]},{\"@type\":\"WebSite\",\"@id\":\"https:\/\/node.cat\/#website\",\"url\":\"https:\/\/node.cat\/\",\"name\":\"Node Topograf\u00eda\",\"description\":\"Servicios para profesionales, agentes de la construcci\u00f3n, promotores y particulares\",\"publisher\":{\"@id\":\"https:\/\/node.cat\/#organization\"},\"potentialAction\":[{\"@type\":\"SearchAction\",\"target\":{\"@type\":\"EntryPoint\",\"urlTemplate\":\"https:\/\/node.cat\/?s={search_term_string}\"},\"query-input\":\"required name=search_term_string\"}],\"inLanguage\":\"es\"},{\"@type\":\"Organization\",\"@id\":\"https:\/\/node.cat\/#organization\",\"name\":\"Node\",\"url\":\"https:\/\/node.cat\/\",\"logo\":{\"@type\":\"ImageObject\",\"inLanguage\":\"es\",\"@id\":\"https:\/\/node.cat\/#\/schema\/logo\/image\/\",\"url\":\"https:\/\/node.cat\/wp-content\/uploads\/2019\/02\/Node_topo.svg\",\"contentUrl\":\"https:\/\/node.cat\/wp-content\/uploads\/2019\/02\/Node_topo.svg\",\"width\":1,\"height\":1,\"caption\":\"Node\"},\"image\":{\"@id\":\"https:\/\/node.cat\/#\/schema\/logo\/image\/\"}}]}<\/script>\n<!-- \/ Yoast SEO plugin. -->","yoast_head_json":{"title":"Proyectos de nivelaci\u00f3n y movimiento de tierras - Node Topograf\u00eda","description":"En Node Topograf\u00eda nos encargamos de adecuar la nivelaci\u00f3n a la normativa urban\u00edstica vigente para presentarlo a la Administraci\u00f3n.","robots":{"index":"index","follow":"follow","max-snippet":"max-snippet:-1","max-image-preview":"max-image-preview:large","max-video-preview":"max-video-preview:-1"},"canonical":"https:\/\/node.cat\/topografia\/projectes-danivellament-i-moviment-de-terres\/","og_locale":"es_ES","og_type":"article","og_title":"Proyectos de nivelaci\u00f3n y movimiento de tierras - Node Topograf\u00eda","og_description":"En Node Topograf\u00eda nos encargamos de adecuar la nivelaci\u00f3n a la normativa urban\u00edstica vigente para presentarlo a la Administraci\u00f3n.","og_url":"https:\/\/node.cat\/topografia\/projectes-danivellament-i-moviment-de-terres\/","og_site_name":"Node Topograf\u00eda","article_modified_time":"2019-06-20T09:08:23+00:00","og_image":[{"width":2000,"height":1600,"url":"https:\/\/node.cat\/wp-content\/uploads\/2017\/02\/node_topografia_anivellament_1.jpg","type":"image\/jpeg"}],"twitter_card":"summary_large_image","twitter_misc":{"Tiempo de lectura":"1 minuto"},"schema":{"@context":"https:\/\/schema.org","@graph":[{"@type":"WebPage","@id":"https:\/\/node.cat\/topografia\/projectes-danivellament-i-moviment-de-terres\/","url":"https:\/\/node.cat\/topografia\/projectes-danivellament-i-moviment-de-terres\/","name":"Proyectos de nivelaci\u00f3n y movimiento de tierras - Node Topograf\u00eda","isPartOf":{"@id":"https:\/\/node.cat\/#website"},"primaryImageOfPage":{"@id":"https:\/\/node.cat\/topografia\/projectes-danivellament-i-moviment-de-terres\/#primaryimage"},"image":{"@id":"https:\/\/node.cat\/topografia\/projectes-danivellament-i-moviment-de-terres\/#primaryimage"},"thumbnailUrl":"https:\/\/node.cat\/wp-content\/uploads\/2017\/02\/node_topografia_anivellament_1.jpg","datePublished":"2017-02-21T11:44:48+00:00","dateModified":"2019-06-20T09:08:23+00:00","description":"En Node Topograf\u00eda nos encargamos de adecuar la nivelaci\u00f3n a la normativa urban\u00edstica vigente para presentarlo a la Administraci\u00f3n.","breadcrumb":{"@id":"https:\/\/node.cat\/topografia\/projectes-danivellament-i-moviment-de-terres\/#breadcrumb"},"inLanguage":"es","potentialAction":[{"@type":"ReadAction","target":["https:\/\/node.cat\/topografia\/projectes-danivellament-i-moviment-de-terres\/"]}]},{"@type":"ImageObject","inLanguage":"es","@id":"https:\/\/node.cat\/topografia\/projectes-danivellament-i-moviment-de-terres\/#primaryimage","url":"https:\/\/node.cat\/wp-content\/uploads\/2017\/02\/node_topografia_anivellament_1.jpg","contentUrl":"https:\/\/node.cat\/wp-content\/uploads\/2017\/02\/node_topografia_anivellament_1.jpg","width":2000,"height":1600},{"@type":"BreadcrumbList","@id":"https:\/\/node.cat\/topografia\/projectes-danivellament-i-moviment-de-terres\/#breadcrumb","itemListElement":[{"@type":"ListItem","position":1,"name":"Inici","item":"https:\/\/node.cat\/es\/"},{"@type":"ListItem","position":2,"name":"Topograf\u00eda","item":"https:\/\/node.cat\/es\/topografia\/"},{"@type":"ListItem","position":3,"name":"Proyectos de nivelaci\u00f3n y movimiento de tierras"}]},{"@type":"WebSite","@id":"https:\/\/node.cat\/#website","url":"https:\/\/node.cat\/","name":"Node Topograf\u00eda","description":"Servicios para profesionales, agentes de la construcci\u00f3n, promotores y particulares","publisher":{"@id":"https:\/\/node.cat\/#organization"},"potentialAction":[{"@type":"SearchAction","target":{"@type":"EntryPoint","urlTemplate":"https:\/\/node.cat\/?s={search_term_string}"},"query-input":"required name=search_term_string"}],"inLanguage":"es"},{"@type":"Organization","@id":"https:\/\/node.cat\/#organization","name":"Node","url":"https:\/\/node.cat\/","logo":{"@type":"ImageObject","inLanguage":"es","@id":"https:\/\/node.cat\/#\/schema\/logo\/image\/","url":"https:\/\/node.cat\/wp-content\/uploads\/2019\/02\/Node_topo.svg","contentUrl":"https:\/\/node.cat\/wp-content\/uploads\/2019\/02\/Node_topo.svg","width":1,"height":1,"caption":"Node"},"image":{"@id":"https:\/\/node.cat\/#\/schema\/logo\/image\/"}}]}},"_links":{"self":[{"href":"https:\/\/node.cat\/es\/wp-json\/wp\/v2\/pages\/363"}],"collection":[{"href":"https:\/\/node.cat\/es\/wp-json\/wp\/v2\/pages"}],"about":[{"href":"https:\/\/node.cat\/es\/wp-json\/wp\/v2\/types\/page"}],"author":[{"embeddable":true,"href":"https:\/\/node.cat\/es\/wp-json\/wp\/v2\/users\/1"}],"replies":[{"embeddable":true,"href":"https:\/\/node.cat\/es\/wp-json\/wp\/v2\/comments?post=363"}],"version-history":[{"count":3,"href":"https:\/\/node.cat\/es\/wp-json\/wp\/v2\/pages\/363\/revisions"}],"predecessor-version":[{"id":1466,"href":"https:\/\/node.cat\/es\/wp-json\/wp\/v2\/pages\/363\/revisions\/1466"}],"up":[{"embeddable":true,"href":"https:\/\/node.cat\/es\/wp-json\/wp\/v2\/pages\/351"}],"wp:featuredmedia":[{"embeddable":true,"href":"https:\/\/node.cat\/es\/wp-json\/wp\/v2\/media\/192"}],"wp:attachment":[{"href":"https:\/\/node.cat\/es\/wp-json\/wp\/v2\/media?parent=363"}],"curies":[{"name":"wp","href":"https:\/\/api.w.org\/{rel}","templated":true}]}}

Proyectos de nivelación y movimiento de tierras

<h1>Proyectos de nivelación y movimiento de tierras</h1>
<p>Los movimientos de tierras son bastante frecuentes en fincas agrícolas cuando se quiere nivelar un terreno. La realidad, sin embargo, es que cuando hay una nivelación o movimiento de tierras de una parcela agrícola, la Administración pide un proyecto.</p>
<p>En Node Topografía nos encargamos de adecuar la nivelación a la normativa urbanística vigente para presentarlo a la Administración. Los proyectos de nivelación tienen por objetivo definir sobre plano la modificación topográfica fruto del movimiento de tierras, y calcular la cubicación del volumen de tierras que se moverán.</p>
<p>Realizamos mediciones de trazados lineales, excavaciones, bancales, plantas de áridos, vertederos y centros de tratamiento de residuos sólidos y canteras a cielo abierto.</p>

<p>Proyectos de nivelación y movimiento de tierras Los movimientos de tierras son bastante frecuentes en fincas agrícolas cuando se quiere [&hellip;]</p>

<!-- This site is optimized with the Yoast SEO plugin v22.6 - https://yoast.com/wordpress/plugins/seo/ -->
<title>Proyectos de nivelación y movimiento de tierras - Node Topografía</title>
<meta name="description" content="En Node Topografía nos encargamos de adecuar la nivelación a la normativa urbanística vigente para presentarlo a la Administración." />
<meta name="robots" content="index, follow, max-snippet:-1, max-image-preview:large, max-video-preview:-1" />
<link rel="canonical" href="https://node.cat/topografia/projectes-danivellament-i-moviment-de-terres/" />
<meta property="og:locale" content="es_ES" />
<meta property="og:type" content="article" />
<meta property="og:title" content="Proyectos de nivelación y movimiento de tierras - Node Topografía" />
<meta property="og:description" content="En Node Topografía nos encargamos de adecuar la nivelación a la normativa urbanística vigente para presentarlo a la Administración." />
<meta property="og:url" content="https://node.cat/topografia/projectes-danivellament-i-moviment-de-terres/" />
<meta property="og:site_name" content="Node Topografía" />
<meta property="article:modified_time" content="2019-06-20T09:08:23+00:00" />
<meta property="og:image" content="https://node.cat/wp-content/uploads/2017/02/node_topografia_anivellament_1.jpg" />
	<meta property="og:image:width" content="2000" />
	<meta property="og:image:height" content="1600" />
	<meta property="og:image:type" content="image/jpeg" />
<meta name="twitter:card" content="summary_large_image" />
<meta name="twitter:label1" content="Tiempo de lectura" />
	<meta name="twitter:data1" content="1 minuto" />
<script type="application/ld+json" class="yoast-schema-graph">{"@context":"https://schema.org","@graph":[{"@type":"WebPage","@id":"https://node.cat/topografia/projectes-danivellament-i-moviment-de-terres/","url":"https://node.cat/topografia/projectes-danivellament-i-moviment-de-terres/","name":"Proyectos de nivelación y movimiento de tierras - Node Topografía","isPartOf":{"@id":"https://node.cat/#website"},"primaryImageOfPage":{"@id":"https://node.cat/topografia/projectes-danivellament-i-moviment-de-terres/#primaryimage"},"image":{"@id":"https://node.cat/topografia/projectes-danivellament-i-moviment-de-terres/#primaryimage"},"thumbnailUrl":"https://node.cat/wp-content/uploads/2017/02/node_topografia_anivellament_1.jpg","datePublished":"2017-02-21T11:44:48+00:00","dateModified":"2019-06-20T09:08:23+00:00","description":"En Node Topografía nos encargamos de adecuar la nivelación a la normativa urbanística vigente para presentarlo a la Administración.","breadcrumb":{"@id":"https://node.cat/topografia/projectes-danivellament-i-moviment-de-terres/#breadcrumb"},"inLanguage":"es","potentialAction":[{"@type":"ReadAction","target":["https://node.cat/topografia/projectes-danivellament-i-moviment-de-terres/"]}]},{"@type":"ImageObject","inLanguage":"es","@id":"https://node.cat/topografia/projectes-danivellament-i-moviment-de-terres/#primaryimage","url":"https://node.cat/wp-content/uploads/2017/02/node_topografia_anivellament_1.jpg","contentUrl":"https://node.cat/wp-content/uploads/2017/02/node_topografia_anivellament_1.jpg","width":2000,"height":1600},{"@type":"BreadcrumbList","@id":"https://node.cat/topografia/projectes-danivellament-i-moviment-de-terres/#breadcrumb","itemListElement":[{"@type":"ListItem","position":1,"name":"Inici","item":"https://node.cat/es/"},{"@type":"ListItem","position":2,"name":"Topografía","item":"https://node.cat/es/topografia/"},{"@type":"ListItem","position":3,"name":"Proyectos de nivelación y movimiento de tierras"}]},{"@type":"WebSite","@id":"https://node.cat/#website","url":"https://node.cat/","name":"Node Topografía","description":"Servicios para profesionales, agentes de la construcción, promotores y particulares","publisher":{"@id":"https://node.cat/#organization"},"potentialAction":[{"@type":"SearchAction","target":{"@type":"EntryPoint","urlTemplate":"https://node.cat/?s={search_term_string}"},"query-input":"required name=search_term_string"}],"inLanguage":"es"},{"@type":"Organization","@id":"https://node.cat/#organization","name":"Node","url":"https://node.cat/","logo":{"@type":"ImageObject","inLanguage":"es","@id":"https://node.cat/#/schema/logo/image/","url":"https://node.cat/wp-content/uploads/2019/02/Node_topo.svg","contentUrl":"https://node.cat/wp-content/uploads/2019/02/Node_topo.svg","width":1,"height":1,"caption":"Node"},"image":{"@id":"https://node.cat/#/schema/logo/image/"}}]}</script>
<!-- / Yoast SEO plugin. -->

Proyectos de nivelación y movimiento de tierras - Node Topografía

En Node Topografía nos encargamos de adecuar la nivelación a la normativa urbanística vigente para presentarlo a la Administración.

Node Topografía

Topografía

Servicios para profesionales, agentes de la construcción, promotores y particulares
