{"id":359,"date":"2017-02-21T12:44:01","date_gmt":"2017-02-21T11:44:01","guid":{"rendered":"http:\/\/develop.docbarcelona.com\/nodetopografia\/?page_id=359"},"modified":"2019-06-20T09:55:59","modified_gmt":"2019-06-20T08:55:59","slug":"delimitacion-y-reparcelacion-de-fincas-y-expropiaciones","status":"publish","type":"page","link":"https:\/\/node.cat\/es\/topografia\/delimitacion-y-reparcelacion-de-fincas-y-expropiaciones\/","title":{"rendered":"Delimitaci\u00f3n y reparcelaci\u00f3n de fincas y expropiaciones"},"content":{"rendered":"\n<h1 class=\"wp-block-heading\">Delimitaci\u00f3n y reparcelaci\u00f3n de fincas y expropiaciones<\/h1>\n\n\n\n<p>Definimos los l\u00edmites de un terreno, tanto rural como urbano y delimitamos la l\u00ednea fronteriza que lo divide de sus vecinos. Tambi\u00e9n definimos las l\u00edneas que dividen las fincas en casos de reparcelaci\u00f3n o de expropiaci\u00f3n, para que haya un orden arbitrario y no se produzcan abusos o invasiones del terreno por parte de los vecinos y segregamos o agrupamos fincas.<\/p>\n\n\n\n<p>En Node Topograf\u00eda tambi\u00e9n segregamos y agrupamos fincas, tanto r\u00fasticas como urbanas, durante las ventas o transmisiones de una propiedad. En estos casos, es necesaria una memoria t\u00e9cnica que describa la nueva parcelaci\u00f3n. Tambi\u00e9n se requieren unos planos topogr\u00e1ficos del proyecto y una certificaci\u00f3n catastral con las nuevas superficies, niveles y l\u00edmites del terreno que se haya segregado o agrupado. Nos encargamos de todo el proceso<\/p>\n","protected":false},"excerpt":{"rendered":"<p>Delimitaci\u00f3n y reparcelaci\u00f3n de fincas y expropiaciones Definimos los l\u00edmites de un terreno, tanto rural como urbano y delimitamos la [&hellip;]<\/p>\n","protected":false},"author":1,"featured_media":672,"parent":351,"menu_order":0,"comment_status":"closed","ping_status":"closed","template":"template-topografia.php","meta":{"inline_featured_image":false,"footnotes":""},"yoast_head":"<!-- This site is optimized with the Yoast SEO plugin v22.6 - https:\/\/yoast.com\/wordpress\/plugins\/seo\/ -->\n<title>Delimitaci\u00f3n y reparcelaci\u00f3n de fincas y expropiaciones - Node Topograf\u00eda<\/title>\n<meta name=\"description\" content=\"Definimos los l\u00edmites de un terreno, tanto rural como urbano y delimitamos la l\u00ednea fronteriza que lo divide de sus vecinos.\" \/>\n<meta name=\"robots\" content=\"index, follow, max-snippet:-1, max-image-preview:large, max-video-preview:-1\" \/>\n<link rel=\"canonical\" href=\"https:\/\/node.cat\/es\/topografia\/delimitacion-y-reparcelacion-de-fincas-y-expropiaciones\/\" \/>\n<meta property=\"og:locale\" content=\"es_ES\" \/>\n<meta property=\"og:type\" content=\"article\" \/>\n<meta property=\"og:title\" content=\"Delimitaci\u00f3n y reparcelaci\u00f3n de fincas y expropiaciones - Node Topograf\u00eda\" \/>\n<meta property=\"og:description\" content=\"Definimos los l\u00edmites de un terreno, tanto rural como urbano y delimitamos la l\u00ednea fronteriza que lo divide de sus vecinos.\" \/>\n<meta property=\"og:url\" content=\"https:\/\/node.cat\/es\/topografia\/delimitacion-y-reparcelacion-de-fincas-y-expropiaciones\/\" \/>\n<meta property=\"og:site_name\" content=\"Node Topograf\u00eda\" \/>\n<meta property=\"article:modified_time\" content=\"2019-06-20T08:55:59+00:00\" \/>\n<meta property=\"og:image\" content=\"https:\/\/node.cat\/wp-content\/uploads\/2017\/02\/PICT0151.jpg\" \/>\n\t<meta property=\"og:image:width\" content=\"960\" \/>\n\t<meta property=\"og:image:height\" content=\"1280\" \/>\n\t<meta property=\"og:image:type\" content=\"image\/jpeg\" \/>\n<meta name=\"twitter:card\" content=\"summary_large_image\" \/>\n<meta name=\"twitter:label1\" content=\"Tiempo de lectura\" \/>\n\t<meta name=\"twitter:data1\" content=\"1 minuto\" \/>\n<script type=\"application\/ld+json\" class=\"yoast-schema-graph\">{\"@context\":\"https:\/\/schema.org\",\"@graph\":[{\"@type\":\"WebPage\",\"@id\":\"https:\/\/node.cat\/es\/topografia\/delimitacion-y-reparcelacion-de-fincas-y-expropiaciones\/\",\"url\":\"https:\/\/node.cat\/es\/topografia\/delimitacion-y-reparcelacion-de-fincas-y-expropiaciones\/\",\"name\":\"Delimitaci\u00f3n y reparcelaci\u00f3n de fincas y expropiaciones - Node Topograf\u00eda\",\"isPartOf\":{\"@id\":\"https:\/\/node.cat\/#website\"},\"primaryImageOfPage\":{\"@id\":\"https:\/\/node.cat\/es\/topografia\/delimitacion-y-reparcelacion-de-fincas-y-expropiaciones\/#primaryimage\"},\"image\":{\"@id\":\"https:\/\/node.cat\/es\/topografia\/delimitacion-y-reparcelacion-de-fincas-y-expropiaciones\/#primaryimage\"},\"thumbnailUrl\":\"https:\/\/node.cat\/wp-content\/uploads\/2017\/02\/PICT0151.jpg\",\"datePublished\":\"2017-02-21T11:44:01+00:00\",\"dateModified\":\"2019-06-20T08:55:59+00:00\",\"description\":\"Definimos los l\u00edmites de un terreno, tanto rural como urbano y delimitamos la l\u00ednea fronteriza que lo divide de sus vecinos.\",\"breadcrumb\":{\"@id\":\"https:\/\/node.cat\/es\/topografia\/delimitacion-y-reparcelacion-de-fincas-y-expropiaciones\/#breadcrumb\"},\"inLanguage\":\"es\",\"potentialAction\":[{\"@type\":\"ReadAction\",\"target\":[\"https:\/\/node.cat\/es\/topografia\/delimitacion-y-reparcelacion-de-fincas-y-expropiaciones\/\"]}]},{\"@type\":\"ImageObject\",\"inLanguage\":\"es\",\"@id\":\"https:\/\/node.cat\/es\/topografia\/delimitacion-y-reparcelacion-de-fincas-y-expropiaciones\/#primaryimage\",\"url\":\"https:\/\/node.cat\/wp-content\/uploads\/2017\/02\/PICT0151.jpg\",\"contentUrl\":\"https:\/\/node.cat\/wp-content\/uploads\/2017\/02\/PICT0151.jpg\",\"width\":960,\"height\":1280},{\"@type\":\"BreadcrumbList\",\"@id\":\"https:\/\/node.cat\/es\/topografia\/delimitacion-y-reparcelacion-de-fincas-y-expropiaciones\/#breadcrumb\",\"itemListElement\":[{\"@type\":\"ListItem\",\"position\":1,\"name\":\"Inici\",\"item\":\"https:\/\/node.cat\/es\/\"},{\"@type\":\"ListItem\",\"position\":2,\"name\":\"Topograf\u00eda\",\"item\":\"https:\/\/node.cat\/es\/topografia\/\"},{\"@type\":\"ListItem\",\"position\":3,\"name\":\"Delimitaci\u00f3n y reparcelaci\u00f3n de fincas y expropiaciones\"}]},{\"@type\":\"WebSite\",\"@id\":\"https:\/\/node.cat\/#website\",\"url\":\"https:\/\/node.cat\/\",\"name\":\"Node Topograf\u00eda\",\"description\":\"Servicios para profesionales, agentes de la construcci\u00f3n, promotores y particulares\",\"publisher\":{\"@id\":\"https:\/\/node.cat\/#organization\"},\"potentialAction\":[{\"@type\":\"SearchAction\",\"target\":{\"@type\":\"EntryPoint\",\"urlTemplate\":\"https:\/\/node.cat\/?s={search_term_string}\"},\"query-input\":\"required name=search_term_string\"}],\"inLanguage\":\"es\"},{\"@type\":\"Organization\",\"@id\":\"https:\/\/node.cat\/#organization\",\"name\":\"Node\",\"url\":\"https:\/\/node.cat\/\",\"logo\":{\"@type\":\"ImageObject\",\"inLanguage\":\"es\",\"@id\":\"https:\/\/node.cat\/#\/schema\/logo\/image\/\",\"url\":\"https:\/\/node.cat\/wp-content\/uploads\/2019\/02\/Node_topo.svg\",\"contentUrl\":\"https:\/\/node.cat\/wp-content\/uploads\/2019\/02\/Node_topo.svg\",\"width\":1,\"height\":1,\"caption\":\"Node\"},\"image\":{\"@id\":\"https:\/\/node.cat\/#\/schema\/logo\/image\/\"}}]}<\/script>\n<!-- \/ Yoast SEO plugin. -->","yoast_head_json":{"title":"Delimitaci\u00f3n y reparcelaci\u00f3n de fincas y expropiaciones - Node Topograf\u00eda","description":"Definimos los l\u00edmites de un terreno, tanto rural como urbano y delimitamos la l\u00ednea fronteriza que lo divide de sus vecinos.","robots":{"index":"index","follow":"follow","max-snippet":"max-snippet:-1","max-image-preview":"max-image-preview:large","max-video-preview":"max-video-preview:-1"},"canonical":"https:\/\/node.cat\/es\/topografia\/delimitacion-y-reparcelacion-de-fincas-y-expropiaciones\/","og_locale":"es_ES","og_type":"article","og_title":"Delimitaci\u00f3n y reparcelaci\u00f3n de fincas y expropiaciones - Node Topograf\u00eda","og_description":"Definimos los l\u00edmites de un terreno, tanto rural como urbano y delimitamos la l\u00ednea fronteriza que lo divide de sus vecinos.","og_url":"https:\/\/node.cat\/es\/topografia\/delimitacion-y-reparcelacion-de-fincas-y-expropiaciones\/","og_site_name":"Node Topograf\u00eda","article_modified_time":"2019-06-20T08:55:59+00:00","og_image":[{"width":960,"height":1280,"url":"https:\/\/node.cat\/wp-content\/uploads\/2017\/02\/PICT0151.jpg","type":"image\/jpeg"}],"twitter_card":"summary_large_image","twitter_misc":{"Tiempo de lectura":"1 minuto"},"schema":{"@context":"https:\/\/schema.org","@graph":[{"@type":"WebPage","@id":"https:\/\/node.cat\/es\/topografia\/delimitacion-y-reparcelacion-de-fincas-y-expropiaciones\/","url":"https:\/\/node.cat\/es\/topografia\/delimitacion-y-reparcelacion-de-fincas-y-expropiaciones\/","name":"Delimitaci\u00f3n y reparcelaci\u00f3n de fincas y expropiaciones - Node Topograf\u00eda","isPartOf":{"@id":"https:\/\/node.cat\/#website"},"primaryImageOfPage":{"@id":"https:\/\/node.cat\/es\/topografia\/delimitacion-y-reparcelacion-de-fincas-y-expropiaciones\/#primaryimage"},"image":{"@id":"https:\/\/node.cat\/es\/topografia\/delimitacion-y-reparcelacion-de-fincas-y-expropiaciones\/#primaryimage"},"thumbnailUrl":"https:\/\/node.cat\/wp-content\/uploads\/2017\/02\/PICT0151.jpg","datePublished":"2017-02-21T11:44:01+00:00","dateModified":"2019-06-20T08:55:59+00:00","description":"Definimos los l\u00edmites de un terreno, tanto rural como urbano y delimitamos la l\u00ednea fronteriza que lo divide de sus vecinos.","breadcrumb":{"@id":"https:\/\/node.cat\/es\/topografia\/delimitacion-y-reparcelacion-de-fincas-y-expropiaciones\/#breadcrumb"},"inLanguage":"es","potentialAction":[{"@type":"ReadAction","target":["https:\/\/node.cat\/es\/topografia\/delimitacion-y-reparcelacion-de-fincas-y-expropiaciones\/"]}]},{"@type":"ImageObject","inLanguage":"es","@id":"https:\/\/node.cat\/es\/topografia\/delimitacion-y-reparcelacion-de-fincas-y-expropiaciones\/#primaryimage","url":"https:\/\/node.cat\/wp-content\/uploads\/2017\/02\/PICT0151.jpg","contentUrl":"https:\/\/node.cat\/wp-content\/uploads\/2017\/02\/PICT0151.jpg","width":960,"height":1280},{"@type":"BreadcrumbList","@id":"https:\/\/node.cat\/es\/topografia\/delimitacion-y-reparcelacion-de-fincas-y-expropiaciones\/#breadcrumb","itemListElement":[{"@type":"ListItem","position":1,"name":"Inici","item":"https:\/\/node.cat\/es\/"},{"@type":"ListItem","position":2,"name":"Topograf\u00eda","item":"https:\/\/node.cat\/es\/topografia\/"},{"@type":"ListItem","position":3,"name":"Delimitaci\u00f3n y reparcelaci\u00f3n de fincas y expropiaciones"}]},{"@type":"WebSite","@id":"https:\/\/node.cat\/#website","url":"https:\/\/node.cat\/","name":"Node Topograf\u00eda","description":"Servicios para profesionales, agentes de la construcci\u00f3n, promotores y particulares","publisher":{"@id":"https:\/\/node.cat\/#organization"},"potentialAction":[{"@type":"SearchAction","target":{"@type":"EntryPoint","urlTemplate":"https:\/\/node.cat\/?s={search_term_string}"},"query-input":"required name=search_term_string"}],"inLanguage":"es"},{"@type":"Organization","@id":"https:\/\/node.cat\/#organization","name":"Node","url":"https:\/\/node.cat\/","logo":{"@type":"ImageObject","inLanguage":"es","@id":"https:\/\/node.cat\/#\/schema\/logo\/image\/","url":"https:\/\/node.cat\/wp-content\/uploads\/2019\/02\/Node_topo.svg","contentUrl":"https:\/\/node.cat\/wp-content\/uploads\/2019\/02\/Node_topo.svg","width":1,"height":1,"caption":"Node"},"image":{"@id":"https:\/\/node.cat\/#\/schema\/logo\/image\/"}}]}},"_links":{"self":[{"href":"https:\/\/node.cat\/es\/wp-json\/wp\/v2\/pages\/359"}],"collection":[{"href":"https:\/\/node.cat\/es\/wp-json\/wp\/v2\/pages"}],"about":[{"href":"https:\/\/node.cat\/es\/wp-json\/wp\/v2\/types\/page"}],"author":[{"embeddable":true,"href":"https:\/\/node.cat\/es\/wp-json\/wp\/v2\/users\/1"}],"replies":[{"embeddable":true,"href":"https:\/\/node.cat\/es\/wp-json\/wp\/v2\/comments?post=359"}],"version-history":[{"count":4,"href":"https:\/\/node.cat\/es\/wp-json\/wp\/v2\/pages\/359\/revisions"}],"predecessor-version":[{"id":1482,"href":"https:\/\/node.cat\/es\/wp-json\/wp\/v2\/pages\/359\/revisions\/1482"}],"up":[{"embeddable":true,"href":"https:\/\/node.cat\/es\/wp-json\/wp\/v2\/pages\/351"}],"wp:featuredmedia":[{"embeddable":true,"href":"https:\/\/node.cat\/es\/wp-json\/wp\/v2\/media\/672"}],"wp:attachment":[{"href":"https:\/\/node.cat\/es\/wp-json\/wp\/v2\/media?parent=359"}],"curies":[{"name":"wp","href":"https:\/\/api.w.org\/{rel}","templated":true}]}}

Delimitación y reparcelación de fincas y expropiaciones

<h1 class="wp-block-heading">Delimitación y reparcelación de fincas y expropiaciones</h1>



<p>Definimos los límites de un terreno, tanto rural como urbano y delimitamos la línea fronteriza que lo divide de sus vecinos. También definimos las líneas que dividen las fincas en casos de reparcelación o de expropiación, para que haya un orden arbitrario y no se produzcan abusos o invasiones del terreno por parte de los vecinos y segregamos o agrupamos fincas.</p>



<p>En Node Topografía también segregamos y agrupamos fincas, tanto rústicas como urbanas, durante las ventas o transmisiones de una propiedad. En estos casos, es necesaria una memoria técnica que describa la nueva parcelación. También se requieren unos planos topográficos del proyecto y una certificación catastral con las nuevas superficies, niveles y límites del terreno que se haya segregado o agrupado. Nos encargamos de todo el proceso</p>

<p>Delimitación y reparcelación de fincas y expropiaciones Definimos los límites de un terreno, tanto rural como urbano y delimitamos la [&hellip;]</p>

<!-- This site is optimized with the Yoast SEO plugin v22.6 - https://yoast.com/wordpress/plugins/seo/ -->
<title>Delimitación y reparcelación de fincas y expropiaciones - Node Topografía</title>
<meta name="description" content="Definimos los límites de un terreno, tanto rural como urbano y delimitamos la línea fronteriza que lo divide de sus vecinos." />
<meta name="robots" content="index, follow, max-snippet:-1, max-image-preview:large, max-video-preview:-1" />
<link rel="canonical" href="https://node.cat/es/topografia/delimitacion-y-reparcelacion-de-fincas-y-expropiaciones/" />
<meta property="og:locale" content="es_ES" />
<meta property="og:type" content="article" />
<meta property="og:title" content="Delimitación y reparcelación de fincas y expropiaciones - Node Topografía" />
<meta property="og:description" content="Definimos los límites de un terreno, tanto rural como urbano y delimitamos la línea fronteriza que lo divide de sus vecinos." />
<meta property="og:url" content="https://node.cat/es/topografia/delimitacion-y-reparcelacion-de-fincas-y-expropiaciones/" />
<meta property="og:site_name" content="Node Topografía" />
<meta property="article:modified_time" content="2019-06-20T08:55:59+00:00" />
<meta property="og:image" content="https://node.cat/wp-content/uploads/2017/02/PICT0151.jpg" />
	<meta property="og:image:width" content="960" />
	<meta property="og:image:height" content="1280" />
	<meta property="og:image:type" content="image/jpeg" />
<meta name="twitter:card" content="summary_large_image" />
<meta name="twitter:label1" content="Tiempo de lectura" />
	<meta name="twitter:data1" content="1 minuto" />
<script type="application/ld+json" class="yoast-schema-graph">{"@context":"https://schema.org","@graph":[{"@type":"WebPage","@id":"https://node.cat/es/topografia/delimitacion-y-reparcelacion-de-fincas-y-expropiaciones/","url":"https://node.cat/es/topografia/delimitacion-y-reparcelacion-de-fincas-y-expropiaciones/","name":"Delimitación y reparcelación de fincas y expropiaciones - Node Topografía","isPartOf":{"@id":"https://node.cat/#website"},"primaryImageOfPage":{"@id":"https://node.cat/es/topografia/delimitacion-y-reparcelacion-de-fincas-y-expropiaciones/#primaryimage"},"image":{"@id":"https://node.cat/es/topografia/delimitacion-y-reparcelacion-de-fincas-y-expropiaciones/#primaryimage"},"thumbnailUrl":"https://node.cat/wp-content/uploads/2017/02/PICT0151.jpg","datePublished":"2017-02-21T11:44:01+00:00","dateModified":"2019-06-20T08:55:59+00:00","description":"Definimos los límites de un terreno, tanto rural como urbano y delimitamos la línea fronteriza que lo divide de sus vecinos.","breadcrumb":{"@id":"https://node.cat/es/topografia/delimitacion-y-reparcelacion-de-fincas-y-expropiaciones/#breadcrumb"},"inLanguage":"es","potentialAction":[{"@type":"ReadAction","target":["https://node.cat/es/topografia/delimitacion-y-reparcelacion-de-fincas-y-expropiaciones/"]}]},{"@type":"ImageObject","inLanguage":"es","@id":"https://node.cat/es/topografia/delimitacion-y-reparcelacion-de-fincas-y-expropiaciones/#primaryimage","url":"https://node.cat/wp-content/uploads/2017/02/PICT0151.jpg","contentUrl":"https://node.cat/wp-content/uploads/2017/02/PICT0151.jpg","width":960,"height":1280},{"@type":"BreadcrumbList","@id":"https://node.cat/es/topografia/delimitacion-y-reparcelacion-de-fincas-y-expropiaciones/#breadcrumb","itemListElement":[{"@type":"ListItem","position":1,"name":"Inici","item":"https://node.cat/es/"},{"@type":"ListItem","position":2,"name":"Topografía","item":"https://node.cat/es/topografia/"},{"@type":"ListItem","position":3,"name":"Delimitación y reparcelación de fincas y expropiaciones"}]},{"@type":"WebSite","@id":"https://node.cat/#website","url":"https://node.cat/","name":"Node Topografía","description":"Servicios para profesionales, agentes de la construcción, promotores y particulares","publisher":{"@id":"https://node.cat/#organization"},"potentialAction":[{"@type":"SearchAction","target":{"@type":"EntryPoint","urlTemplate":"https://node.cat/?s={search_term_string}"},"query-input":"required name=search_term_string"}],"inLanguage":"es"},{"@type":"Organization","@id":"https://node.cat/#organization","name":"Node","url":"https://node.cat/","logo":{"@type":"ImageObject","inLanguage":"es","@id":"https://node.cat/#/schema/logo/image/","url":"https://node.cat/wp-content/uploads/2019/02/Node_topo.svg","contentUrl":"https://node.cat/wp-content/uploads/2019/02/Node_topo.svg","width":1,"height":1,"caption":"Node"},"image":{"@id":"https://node.cat/#/schema/logo/image/"}}]}</script>
<!-- / Yoast SEO plugin. -->

Delimitación y reparcelación de fincas y expropiaciones - Node Topografía

Definimos los límites de un terreno, tanto rural como urbano y delimitamos la línea fronteriza que lo divide de sus vecinos.

Node Topografía

Topografía

Servicios para profesionales, agentes de la construcción, promotores y particulares
